 the units digit of x(j)?
3
Suppose 0 = 2*t + 3 + 61. Let p = 90 - t. What is the units digit of p?
2
Let m(f) = -f**3 + 14*f**2 + 16*f - 11. Let i be m(15). Suppose 18 = i*d - 2*d. What is the tens digit of (d/(-2))/((-36)/336)?
4
Let j(c) = -252*c + 175. What is the units digit of j(-11)?
7
Suppose 4*b - 2*f = 16 - 0, 4*f = -3*b + 34. Suppose -206 = -b*w + 4*w. What is the hundreds digit of w?
1
Let l(o) = -2*o**2 - 1. Let i be l(-2). Let n = i - -32. What is the tens digit of n*1/3*3?
2
Suppose 4*j - 8 = 0, -2*l - j + 42 = -2*j. Let u(f) = -f + 44. What is the tens digit of u(l)?
2
Let h = 386 - 212. Suppose -3*a + 834 = h. What is the units digit of a?
0
Let k = -80 + 24. What is the tens digit of 217/2*k/(-98)?
6
Let z = -1590 + 2453. What is the tens digit of z?
6
Suppose -2*u + 180 = -6. Suppose -2*d + u = -29. What is the units digit of d?
1
Let r be (-2)/(-5)*30/3. Suppose 2*h = -5*m + 299, 0 = -r*h + 5*m + 329 + 194. What is the units digit of h?
7
Let t = -35 - -37. Suppose 0 = 7*n - t*n - 400. What is the tens digit of n?
8
Let c(y) = 8*y**3 - 3*y**2 + 4*y + 8. What is the hundreds digit of c(7)?
6
Suppose -14*p = -9237 - 3125. What is the tens digit of p?
8
What is the hundreds digit of (-2 - -2)/(10 - 12) + 392?
3
Suppose 2*v - 40 = -5*w - 3*v, 3*w + v = 14. Let f be (-42)/(-9)*(4 + -1). Let r = f + w. What is the units digit of r?
7
Let p be -2 - -33 - (-6 + 2). Suppose 3*y = 10*y - p. Suppose 0 = -4*j + y*v + 22, 15 = 4*j + v - 19. What is the units digit of j?
8
Let s be (56/21)/(4/6). Suppose -s*b - 11 = 5. Let h(c) = 3*c**2 + 7*c - 1. What is the tens digit of h(b)?
1
Suppose -g = 4*c - 2126, 0*c - 2*c - 3*g = -1068. Suppose -2*m + 2*t + 41 + 313 = 0, -3*m = -5*t - c. What is the tens digit of m?
7
Let b be 5/(-2)*(-4896)/80. Let c = -36 + b. What is the hundreds digit of c?
1
Let l(z) = z**3 - 14*z**2 + 6*z + 11. Let n be l(13). Let c = n - -155. What is the units digit of c?
5
Let l be (-3)/(-6)*(-24)/(-2). Let u be (2/3)/(l/27). Suppose -2*o + u*o - 50 = 0. What is the tens digit of o?
5
What is the tens digit of 2494/8 - (-16)/64?
1
Suppose 1 - 28 = -3*b. Let r be (-128)/(-12) - 6/b. Suppose -3*y + 8*y = r. What is the units digit of y?
2
Let n = -467 - -535. What is the tens digit of n?
6
Let h(q) = q**3 + 69*q**2 + 78*q + 214. What is the thousands digit of h(-67)?
3
Let b be (-1)/2 - (-1 + 1/2). Suppose b = 3*r + 2*r - 255. What is the tens digit of r?
5
What is the thousands digit of (8 - 0)/((-1)/(-3348)*9)?
2
Suppose -16 + 4 = -3*r. Suppose 9*v - r*v + 20 = 0, 2*h + 4*v - 58 = 0. What is the units digit of h?
7
Let s = -1407 + 2088. What is the hundreds digit of s?
6
Let a(b) = b**3 - 36*b**2 + 123*b - 11. What is the tens digit of a(33)?
8
Suppose -3*z - t + 0*t = -404, 3*z - 4*t - 394 = 0. What is the units digit of z?
4
Let b(h) = -h**3 + 6*h**2 + 5*h + 1. Suppose 0 = -3*l - 2*f + 20, l + 2*f = -f + 9. What is the units digit of b(l)?
1
What is the tens digit of 12/(-42) + (-19772)/(-14)?
1
Let x = -19 - -21. Suppose 2*m + 4 = x. What is the tens digit of -12 + 53 + (m - -4)?
4
Suppose 0 = 5*y - 16*m + 13*m - 2087, y = -4*m + 399. What is the units digit of y?
5
Suppose -3*y - 201 = -0*y + 5*l, 0 = 4*y + 4*l + 276. Let b be 1280/y + 2/(-9). Let f = 19 - b. What is the units digit of f?
7
Suppose -27*t + 33*t = 30. Suppose 230 = 2*f + t*h, -3*f + f + 232 = 4*h. What is the tens digit of f?
2
Suppose -6*j + 2246 + 652 = 0. Let q = j - 263. What is the hundreds digit of q?
2
What is the tens digit of -17 - -8 - -6 - -625?
2
Suppose -2*l + 3 = l. What is the units digit of ((-45)/(-75))/(l/105)?
3
Let u = 401 - 177. Suppose 3*x + 2*s - u = 6*s, 2*x = -3*s + 121. What is the units digit of x?
8
Suppose -4*f = 48 - 800. Suppose 15*m = 150 - 45. Suppose 3*u - m*u + 5*p + f = 0, 2*p - 8 = 0. What is the tens digit of u?
5
What is the hundreds digit of 1393 + 3 + ((-24)/(-6) - 6)?
3
Suppose -c + 136 + 208 = 0. What is the units digit of c?
4
Suppose -20 = -2*v + 7*v. Let n be (6/8)/(2/(-168)). What is the tens digit of 3/v - n/4?
1
Suppose h - 5*x = 24, 0*h + 20 = 2*h - 3*x. Suppose -36 = -y + 3*c, -3*y = -h*c - 133 + 20. What is the units digit of y?
9
What is the hundreds digit of (-575670)/(-285) - 6/(-57)?
0
Suppose 0 = -3*l + 3 + 3. Let g be (l - (-16)/(-4))*-2. Suppose t - 5*m = -g + 41, 5*t = m + 185. What is the tens digit of t?
3
Let q(r) = 2*r**2 - 28*r + 196. What is the units digit of q(24)?
6
Let z(a) = a**3 - 36*a**2 + 6*a + 83. What is the units digit of z(36)?
9
Let z = -139 + 467. Let n = z + -141. What is the hundreds digit of n?
1
Let h(s) be the second derivative of s**4/6 + 2*s**3 + 11*s**2/2 - 4*s. What is the tens digit of h(-7)?
2
Let x = 15929 + -10652. What is the units digit of x?
7
Suppose -z - 10 = -4*w - 2, 4*z + 4*w = 68. Suppose 5*h + z = 92. Let p = -12 + h. What is the units digit of p?
4
Let k(l) = -l**2 + 13*l - 7. Let x be k(12). Let u be (2 - x) + 6 + 1. Suppose -q = 3*o - 8*o + 114, -o + u*q + 38 = 0. What is the units digit of o?
2
Let y = 8 - 7. Let u be (105/28)/(y/4). Suppose u = w - 0*w. What is the units digit of w?
5
Suppose 8*p + 4*p = 84. Let c(j) = 4*j - 15. What is the tens digit of c(p)?
1
Let k = -87 - -578. What is the tens digit of k?
9
Let a(l) = -l. Let f be a(-2). Let c be (-3 + (4 - f))*-2. Suppose 3*v - c*k = -k + 97, k + 4 = 0. What is the units digit of v?
1
What is the thousands digit of 1 + -5 - 13488/(-8)?
1
Let v = -45 + 340. Let b = v - 203. What is the tens digit of b?
9
Let d be (4 - -2) + -3 + -1. Suppose d*t - 21 = -9. Suppose 0 = 2*z + 4, 0 = -5*w + z - t*z + 200. What is the tens digit of w?
4
Suppose 0 = -4*u - 4, -5*r + 3*u = -u - 1019. What is the tens digit of r?
0
Suppose 0 = -3*a + 734 + 451. What is the tens digit of a?
9
Let w(n) = n**2 + 2. Let l = -19 + 10. Let y(m) = m + 9. Let z be y(l). What is the units digit of w(z)?
2
Suppose -1611 + 311 = -5*f. What is the hundreds digit of (-3)/(515/f + -2)?
1
Let l be 31*(-1 - (-3 + 1)). Suppose -7 = 3*f - l. What is the tens digit of (-1 + -16)/((-4)/f)?
3
Suppose -2*j - 2126 = -4*f, -35*j + 33*j + 1078 = 2*f. What is the units digit of f?
4
Let f(i) = -44 + 80 - 51 - 9*i + i**2. What is the units digit of f(-8)?
1
Let u(b) = b**3 - b. Let h be u(-1). Suppose 2*v + m - 96 = 0, 3*v - v - m - 100 = h. What is the units digit of v?
9
Suppose 8*a - 7*a + 4*f - 2196 = 0, f + 2176 = a. What is the units digit of a?
0
Suppose 5*s = s. Suppose b + b = s. What is the units digit of 3 + 2 + b/(-1)?
5
Suppose -5*q + 12 = -2*q. Suppose -5*w - q*v - v = -180, 3*v + 52 = w. What is the tens digit of w?
4
Let o(j) = j**2 + j - 5. Let n be o(-5). What is the tens digit of 1176/n + 3/5?
7
Suppose 0*q = 3*q - 12. Suppose -139 + 11 = -q*j - 4*z, 3*j + 2*z - 94 = 0. Suppose -16*a - j = -21*a. What is the units digit of a?
6
What is the tens digit of 30/35 + 3/21 + 421?
2
Let j(z) = 6*z + 15. Let c be j(5). Let y be 444/c + 6/45. Let v = y + 43. What is the tens digit of v?
5
Suppose m - 537 = -w, 5*m + 12*w - 2645 = 17*w. What is the tens digit of m?
3
Let x(i) = -i**3 + 26*i**2 - 6*i + 118. What is the hundreds digit of x(24)?
1
Suppose 0 = -l - 8*l - 477. Let b = 4 - l. What is the units digit of b?
7
What is the units digit of 4/(-30)*-3 + (-8622)/(-45)?
2
Let b = -167 + 330. Suppose 5*a - 122 = b. What is the tens digit of a?
5
What is the tens digit of 0*2/10 - (-619 - 0)?
1
Let d = -718 - -1540. What is the units digit of d?
2
Suppose x - 2*k - 627 = 31, 2*x = -5*k + 1352. What is the units digit of x?
6
Let k(c) = 11*c - 10. Let m(s) = -44*s + 41. Let t(q) = -22*k(q) - 6*m(q). What is the units digit of t(7)?
8
Let j(n) be the third derivative of n**7/2520 - n**6/720 - n**5/40 + n**4/8 - 4*n**2. Let d(l) be the second derivative of j(l). What is the tens digit of d(5)?
1
Let o(d) = d**3 - 9*d**2 - 10*d + 4. Let m be o(10). Suppose -3*y - m*x = 7, -3*y + 4*y - x = 0. What is the units digit of 6/(y - (-1 - 2))?
3
Let i be ((-20)/(-8) + -1)*22 - 4. Suppose 0 = b - 170 + i. What is the units digit of b?
1
Let a = -97 - -99. Suppose -65 - 21 = -a*o. What is the tens digit of o?
4
Suppose 159*b = 156*b + 8232. What is the thousands digit of b?
2
Let f(u) = u**2 + u - 5. Let v = 20 - 18. Suppose -v*z + 4 + 8 = 